uppose 4*j + j - 15 = 0. Suppose j*v + v - 16 = 0. What is n(v)?
1
Let j(k) = k + 4. Suppose -7 - 3 = 2*x. What is j(x)?
-1
Let i be -1 + (-3 - (0 + -1)). Let v be 65/(-15) - 1/i. Let j(k) = -k**2 - 3*k. Determine j(v).
-4
Let w(s) = 2*s**3 + 1. Let i be (-4)/(2 - 10)*-2. What is w(i)?
-1
Let l(p) = -2*p - 1. Let a = -7 + 10. Suppose 4*s - a = 1. Calculate l(s).
-3
Let l(k) = k**3 + 4*k**2 - k + 7. Suppose 0 = -4*x - 25 + 5. Calculate l(x).
-13
Suppose -3*o + 33 = 4*v - 42, 3 = -o. Suppose p = 5*s + 5, -2*p - v = 3*s + p. Let d(i) = -8*i - 1. Determine d(s).
15
Let w = 1 + -1. Let f(q) = 7*q + 11. Let k(g) = -9*g - 13. Let x(p) = -5*f(p) - 4*k(p). Give x(w).
-3
Let y(s) = 2*s. Let u(c) be the first derivative of -c**2/2 + c - 3. Let a(n) = 6*u(n) + 2*y(n). Calculate a(6).
-6
Let p = -5 - 0. Let u(w) = -5*w**2 + w + 5. Let n(v) = -6*v**2 + 2*v + 5. Let t(b) = -4*n(b) + 5*u(b). Calculate t(p).
-5
Let v(x) = 5*x - 8*x - 1 - 8*x + 2. Suppose 3*w = -2 + 5. Calculate v(w).
-10
Suppose 0*u + 2*u = -18. Let c be (15/u)/((-2)/(-6)). Let p(r) = -2*r**2 - 17*r + 3. Let y(w) = -3*w**2 - 26*w + 5. Let q(x) = 8*p(x) - 5*y(x). Calculate q(c).
4
Let m(v) = v + 3. Suppose c + 4*q + 5 = -16, -q = 5*c + 29. What is m(c)?
-2
Let a(u) = -u - 1 - 8 + 6. Let c = -40 - -36. Determine a(c).
1
Let x(v) = v**2 + 4*v - 3. Let f(r) = -3*r**2 - 8*r + 6. Let j(a) = 2*f(a) + 5*x(a). What is j(3)?
0
Let x(o) = -1. Let f = -5 + 4. Let p(q) = -2*q + 3. Let k(w) = f*p(w) - 2*x(w). Determine k(3).
5
Let v(i) be the second derivative of -1/12*i**4 + 0*i**2 - 5*i - 5/6*i**3 + 0. Let l be (-2)/(-4*(-2)/20). What is v(l)?
0
Let u(t) = 5*t**2. Let m be u(1). Let b(c) be the third derivative of c**4/12 - 5*c**3/6 + 2*c**2 - 13. Determine b(m).
5
Let y(s) = s**3 - 5*s**2 + 4*s - 2. Let r be 3/2*2 - 15/(-15). Give y(r).
-2
Let t(j) = -3*j. Let w be t(1). Let g = 11 + -11. Let l(b) = -3 - 4*b + b + 4*b + g*b. Give l(w).
-6
Let b(n) be the second derivative of -n**3/3 - 2*n. Let i(z) = 3*z - 1. Let u(m) = 5*b(m) + 3*i(m). Calculate u(0).
-3
Suppose 3*f = -2*f - 5. Let y(o) = o. Suppose 0 = -5*z + 5*w + 20, -5*z + 0*w + 22 = -3*w. Let m(u) = -11*u + 1. Let x(a) = z*y(a) + m(a). Give x(f).
7
Let j be 4/(-12)*(-2 - 4). Suppose 0*f = j*f - 2. Let v(b) = -2*b + 3*b + b - f. Give v(2).
3
Suppose -5*n + 92 - 12 = -4*l, 40 = -4*l - 5*n. Let z = 19 + l. Let f(d) = d**2 - 3*d + 2. Calculate f(z).
6
Let u = -17 - -23. Let t(s) = -s**3 + 5*s**2 + 6*s - 6. What is t(u)?
-6
Let u(a) be the second derivative of a**3/6 - 3*a**2 + a. Let n be u(5). Let o(q) = 3*q**3 - q**2. Give o(n).
-4
Let d be 10/(-35) - (-40)/(-7). Let q(i) = -3*i + i + 0*i - 1 - 8. What is q(d)?
3
Suppose 203 = 6*l + 23*l. Let k(x) = -x**3 + 6*x**2 + 10*x - 4. Calculate k(l).
17
Let t(p) be the second derivative of 7*p**5/20 - p**4/12 - 5*p**3/6 + 5*p**2/2 - 3*p. Let f(q) = 6*q**3 - q**2 - 4*q + 4. Let w(x) = 6*f(x) - 5*t(x). Give w(1).
0
Let j = -16 + 16. Suppose j = -5*i - 3*v + 4*v + 8, -4*v = -5*i + 2. Let p(x) = x**2 - 4*x - 1. What is p(i)?
-5
Let y(t) be the first derivative of -t**6/120 + t**3/2 - 4*t**2 - 3. Let o(n) be the second derivative of y(n). What is o(0)?
3
Let p(m) = -2*m + 1. Suppose 14 = 4*y - z + 73, 3*z = -5*y - 78. Let l be (-12)/5 + (-6)/y. Determine p(l).
5
Let v(c) = 2*c + 4. Let z be v(-5). Let g(u) = u - 5. Let p(y) = 2*y - 11. Let i(m) = -5*g(m) + 2*p(m). What is i(z)?
9
Let x(o) = -6*o. Suppose 3*t - 8*t = 0. Let i be (12 + -13)/(-1 + t). Determine x(i).
-6
Suppose 0*r + 9 = 2*r - y, 4*y = 3*r - 21. Let m(j) = 0 + 2*j + 3 + 1. Determine m(r).
10
Let j(c) = -3*c + 1. Let k = 24 - 16. Let i = 4 - k. Let s be ((-2)/i)/(1/4). Determine j(s).
-5
Let m(k) = -4*k + 2. Suppose 2 = -2*n + 6. Suppose 0 = 5*p - 5, -n*d + p = -3*d + 1. Suppose -3*s = -3*z + 21, -4 + d = 3*z + 2*s. Determine m(z).
-6
Let l(k) be the first derivative of k**4/4 - k**3/3 - k**2/2 - 2*k + 11. What is l(2)?
0
Suppose 4*y = 7*y - 564. Let n be y/36 - (-2)/(-9). Let b(g) = 0*g**2 - 3*g**2 - 4 + 2*g + n*g**2. Calculate b(-3).
8
Let h(s) = 3*s**3 + 2*s**2 - s - 11. Let q(w) = -6*w**3 - w**2 + w + 7. Let l(p) = p**3. Let y(x) = -4*l(x) - q(x). Let r(a) = -5*h(a) + 8*y(a). What is r(-2)?
-11
Let x(y) = 2*y. Let m be (4 - (-52)/(-12))/((-1)/(-3)). Calculate x(m).
-2
Let p(z) be the first derivative of -z**6/120 + 7*z**5/60 - 7*z**4/24 + z**3/3 - 5*z**2/2 + 5. Let g(u) be the second derivative of p(u). Give g(6).
-4
Suppose -2 = -2*p - 4*v, -2*p + 3 = 2*v - 1. Let w(n) = n**2 - 3*n + 1. What is w(p)?
1
Let p(g) be the third derivative of 3*g**4/8 + g**3/6 - g**2. Suppose -5 = 3*m - 2*c + 20, -5*m + 3*c = 41. Let x = m + 6. Give p(x).
-8
Suppose 0 = z + z - 26. Suppose -3*x + 46 = z. Suppose -f + 14 = -5*f - 2*a, -x = 2*f - 3*a. Let w(r) = -r**2 - 6*r - 6. What is w(f)?
2
Let l(n) = -6 - n + 2 - 2*n**2 + 3*n**2 - 5*n. Let c be (-15)/(-10)*10/3. Calculate l(c).
-9
Let i(y) be the third derivative of 0 + 1/360*y**6 + 0*y**5 + 1/24*y**4 + 0*y**3 - y**2 + 0*y. Let f(n) be the second derivative of i(n). Determine f(-2).
-4
Let w(t) = t**2 + t. Let u(s) = -s + 9. Let c be u(9). Let x be (c + -4)/(-5 - -3). Determine w(x).
6
Let t(y) be the second derivative of -y**4/12 + y**3/2 - 2*y**2 + 12*y. Give t(4).
-8
Let r(k) = k**3 + 3*k**2 - k - 1. Let p be r(-3). Let b(u) = u**2 + 2*u + 2. Let i be b(-4). Suppose -p*g + i = 3*g. Let n(v) = 4*v - 1. Give n(g).
7
Let k(t) = t - 4. Let u be 1*6 - (-7 + 9). Suppose 0 = u*g + 3*m - 28, 3*m + 21 = 3*g + 2*m. Let b = g - 11. Calculate k(b).
-8
Let s(r) be the second derivative of r**4/6 + r**3/2 - 2*r**2 - 23*r. Calculate s(-3).
5
Suppose -3*y = -5*r + 5 - 0, 4*r + y + 13 = 0. Let m(v) = -4*v + 1. Give m(r).
9
Let z(b) = b**3 + 11*b**2 + 9*b - 7. Let a be z(-10). Let m(k) = -k**a + 2*k**3 - 5*k**2 + k**2 - 2*k - 2*k**3 + 4. Determine m(-3).
1
Let w(j) = j - 7. Let c be w(6). Let o(g) = g**3 - g**2 - 1. Let h(u) = 4*u**3 - 5*u**2 + u - 4. Let a(y) = -h(y) + 5*o(y). What is a(c)?
-1
Suppose 8 = -4*d, d = 2*k - 6 - 2. Let w(m) = 10 + 0*m**3 + 2*m**k - 3*m**3. What is w(0)?
10
Let m(g) be the third derivative of g**6/360 - g**5/40 + g**3/6 - 2*g**2. Let k(l) be the first derivative of m(l). Let u = -3 - -6. Give k(u).
0
Let x(y) = -y + 9. Let r = 9 + -7. Let g be ((-9)/r)/((-4)/(-8)). Let v = g + 15. Calculate x(v).
3
Let g(n) be the third derivative of n**6/120 - n**5/12 - 5*n**4/24 - n**3/2 + 9*n**2. What is g(6)?
3
Let d(j) be the third derivative of 0*j + 0 + 1/120*j**6 - 4*j**2 - 2/3*j**3 + 1/15*j**5 - 1/4*j**4. Determine d(-5).
1
Let c be (12/9)/((-1)/3). Let i(z) = -2*z - 4 + 0*z + 4 - 2. What is i(c)?
6
Let x be ((-3)/(9/(-6)))/(-2). Let i(m) be the second derivative of -7*m**3/6 - m**2/2 - 4*m. Give i(x).
6
Suppose -6*z + 2*z = -5*i - 7, z + 5*i + 17 = 0. Let c(l) = l**2 - l - 1. What is c(z)?
5
Let v(j) = j**2 + 9*j - 4. Let g be v(-10). Let r(o) be the third derivative of 0*o + 1/60*o**5 + 0 - 1/12*o**4 + o**2 - 1/120*o**g + 1/6*o**3. Determine r(2).
-7
Let n(t) = t**2 + 1. Suppose -1 + 6 = p. Let k = p + -1. Suppose 0 = k*i - 7*i. Calculate n(i).
1
Suppose -1 = -a - 6. Suppose -6*j = -j - 20. Let m(l) = -2 - 4*l**3 - 5*l + 5*l**3 - 2 + j*l**2. Calculate m(a).
-4
Suppose 26 = 2*w - 4*t - 0*t, 5*w + t = 21. Let m(c) = -c**3 + 6*c**2 - 3*c - 4. Calculate m(w).
6
Let o = -10 - -3. Let n(a) = -a**2 - 10*a - 5. What is n(o)?
16
Let p(v) = -v**2 - 6*v + 2. Suppose -m = 3*m - 16. Let c = 3 + 6. Let i = m - c. Give p(i).
7
Let s be ((-3)/(-6))/(1/2). Let k(g) = s - 8*g**3 - 4*g**2 + 0*g**2 + 3*g**2 - g**2. What is k(-1)?
7
Suppose -2*o + 7*o + 3*r + 7 = 0, 0 = 3*r - 3. Let y(f) = 2*f. Calculate y(o).
-4
Let a(p) = p**3 + p**2 - p + 2. Suppose 0*i = 3*i - 18. Let x = 6 - i. Give a(x).
2
Let j(v) = v - 2*v - 2*v**3 - 2*v**2 + 2 + 2*v. Let l = 5 - 2. Suppose -q - 5*h - 7 = 0, 4*q - q + l = 3*h. Determine j(q).
8
Let x(s) = -s**3 - 3*s**2 + 6*s + 5. Let h be 9 - 9 - (1 + 3). Determine x(h).
-3
Suppose l + 3*l - 48 = 0. Let x = l - 7. Suppose -5*q + 0*q = -2*w, -35 = -5*w - x*q. Let u(z) = -z**2 + 5*z + 2. Determine u(w).
2
Suppose 0 = 4*v - v. Suppose v*m = -3*m + 3. Let a be 9/6*(m - 3). Let f(g) = g**2 + 4*g + 2. Determine f(a).
-1
Let m = 56 - 559/10. Let i(o) be the third derivative of o**2 + m*o**5 + 1/120*o**6